 Calculate j(19).
13
Let v(w) = -w**3 - 16*w**2 - 60*w + 24. Determine v(-10).
24
Let y(l) = -l**3 + 18*l**2 - 25*l + 67. What is y(17)?
-69
Let n(j) = -15*j - 689. Give n(-60).
211
Let d(q) = -q**2 - 14*q + 896. Give d(-38).
-16
Let a(q) = -91*q - 628. What is a(0)?
-628
Let n(j) = 9*j**2 - 92*j - 517. Determine n(-5).
168
Let v(n) = 57*n - 2096. What is v(34)?
-158
Let h(g) = -g**3 - 16*g**2 - 33*g - 74. What is h(-14)?
-4
Let s(z) = 2*z**3 + 4*z - 10. What is s(-3)?
-76
Let a(h) = 93*h + 4826. Calculate a(-52).
-10
Let r(m) = -14*m**2 + 64*m + 27. Determine r(5).
-3
Let b(h) = -h**2 - 594*h - 5842. Determine b(-10).
-2
Let z(h) = 2*h**3 - 22*h**2 + 51*h + 20. Give z(7).
-15
Let i(g) = -g**2 + 79*g - 535. Give i(6).
-97
Let p(h) = 2*h**2 + 56*h + 372. Determine p(-15).
-18
Let f(u) = -14*u - 696. What is f(-68)?
256
Let a(u) = 2*u**3 - 4*u**2 - 24*u - 64. Determine a(-5).
-294
Let t(r) = -204*r + 838. What is t(4)?
22
Let w(x) = 45*x**3 + x**2 + 2*x + 1. Determine w(-1).
-45
Let d(z) = 60*z + 976. Give d(-16).
16
Let n(m) = -25*m**2 - 7*m + 6. Give n(1).
-26
Let v(k) = -k**2 + 35*k - 243. Calculate v(26).
-9
Let i(s) = -5*s**3 + 412*s**2 + 256*s - 602. Give i(83).
-21
Let h(f) = -18*f - 232. Calculate h(17).
-538
Let g(y) = -y**3 - 32*y**2 - 233*y - 43. Calculate g(-21).
-1
Let x(p) = 701*p**2 - 9115*p + 23. What is x(13)?
-3
Let z(v) = 1573*v - 70789. Calculate z(45).
-4
Let u(k) = -61*k + 285. Calculate u(5).
-20
Let u(x) = -43*x**3 - 388*x**2 + 6*x + 6. Determine u(-9).
-129
Let l(g) = 8*g**2 - 11*g + 22. What is l(4)?
106
Let t(h) = -h**3 + 39*h**2 + 609*h + 160. What is t(51)?
7
Let k(g) = -639*g - 1904. What is k(-3)?
13
Let u(s) = s**3 + 55*s**2 + 162*s + 423. What is u(-52)?
111
Let p(f) = -5076*f + 45676. Determine p(9).
-8
Let q(n) = n**2 - 57*n - 1369. What is q(75)?
-19
Let h(p) = -253*p + 19501. Calculate h(77).
20
Let o(q) = 87*q + 981. What is o(-11)?
24
Let u(s) = s**3 - 8*s**2 + 21*s - 11. Give u(8).
157
Let r(o) = 2*o**2 + 109*o + 64. Determine r(-49).
-475
Let i(o) = 287*o + 360. Determine i(-1).
73
Let f(c) = c**3 - 33*c**2 + 156*c + 154. Calculate f(27).
-8
Let m(q) = -2*q**3 + 8*q**2 - 17*q + 70. Determine m(4).
2
Let w(b) = -919*b - 8268. Give w(-9).
3
Let l(g) = -g**3 - 68*g**2 - 227*g - 199. Calculate l(-2).
-9
Let t(r) = -95*r - 298. What is t(-4)?
82
Let l(f) = -1173*f - 1173. Determine l(-1).
0
Let c(s) = -s**3 - 12*s**2 + 23*s + 79. What is c(-13)?
-51
Let a(m) = -m**2 - 155*m - 2341. Calculate a(-17).
5
Let v(k) = k**2 + 8*k - 67. Calculate v(-9).
-58
Let b(k) = -22*k + 35. Give b(2).
-9
Let t(z) = 2*z**2 - 35*z + 27. Give t(14).
-71
Let i(d) = 65*d + 1515. Determine i(-23).
20
Let a(m) = -547*m + 247782. What is a(453)?
-9
Let z(n) = -n**3 + 24*n**2 + 43*n + 163. Give z(26).
-71
Let g(k) = -k**3 - k**2 + 62*k - 30. What is g(-9)?
60
Let f(p) = 5*p**3 + 403*p**2 - 993*p + 259. Determine f(-83).
10
Let u(z) = -4*z + 262. Calculate u(61).
18
Let l(h) = -176*h**2 + 1059*h - 15. Calculate l(6).
3
Let y(a) = 1378*a + 9634. Determine y(-7).
-12
Let a(d) = -86*d + 523. Determine a(4).
179
Let l(d) = 65*d**3 - 3*d**2 - 3*d + 15. Determine l(2).
517
Let u(i) = -i**3 + 29*i**2 + 171*i - 18. Calculate u(34).
16
Let g(o) = 4*o**2 + 19*o + 34. Give g(-2).
12
Let y(o) = 7*o**3 + 41*o**2 - 5*o + 16. Determine y(-6).
10
Let l(n) = -n**3 + 8*n**2 + 20*n + 12. Determine l(11).
-131
Let l(d) = 1323*d - 19844. Calculate l(15).
1
Let y(q) = -2*q**3 + 413*q**2 - 223*q + 3495. Give y(206).
-7
Let p(s) = -135*s**2 + 24*s - 2. Give p(-2).
-590
Let p(x) = x**3 - 51*x**2 - 7*x + 359. Determine p(51).
2
Let a(p) = 35*p**2 - 89*p - 417. Give a(5).
13
Let o(l) = 36*l - 734. Determine o(20).
-14
Let u(z) = z**2 - 234*z + 5218. Give u(25).
-7
Let f(j) = 166*j + 8976. Calculate f(-55).
-154
Let o(k) = -19652*k - 58958. Calculate o(-3).
-2
Let y(j) = j**2 + 29*j + 132. Determine y(-13).
-76
Let k(j) = -2252*j + 2248. Determine k(1).
-4
Let o(u) = 2*u**2 - 55*u + 337. Give o(18).
-5
Let y(j) = -2*j**2 + 4*j + 111. Give y(-6).
15
Let a(b) = -b**3 + 2*b**2 - 106*b + 463. What is a(4)?
7
Let o(r) = 2*r**2 - 19*r + 27. What is o(11)?
60
Let l(q) = -147*q - 1333. What is l(-9)?
-10
Let l(u) = -36*u**2 - 296*u - 296. Give l(-1).
-36
Let q(v) = -v**3 - 94*v**2 - 274*v - 86. Determine q(-91).
5
Let a(v) = -v**3 - 49*v**2 + 1380*v - 93. Give a(-69).
-93
Let h(p) = 146*p**2 - 7*p - 18. Give h(-2).
580
Let t(a) = a**2 - 579*a - 76591. What is t(-111)?
-1
Let c(q) = -14*q + 293. Give c(19).
27
Let d(b) = 127*b - 44. Calculate d(1).
83
Let a(n) = n**3 - 33*n**2 + 39*n - 164. What is a(32)?
60
Let k(l) = 48*l**2 + 135*l - 3. Determine k(-3).
24
Let x(q) = -2*q**2 + 255*q - 2361. Give x(10).
-11
Let g(f) = -f**3 - 2*f + 19. What is g(5)?
-116
Let g(b) = b**3 + 30*b**2 + 53*b - 173. Calculate g(-28).
-89
Let j(p) = -p**3 + 23*p**2 - 10*p + 276. Determine j(23).
46
Let m(b) = 20*b**2 + 395*b - 91. Calculate m(-20).
9
Let q(r) = -r**3 - 9*r**2 - r + 20. Calculate q(-9).
29
Let o(j) = 30*j - 979. Give o(31).
-49
Let s(f) = -108*f**2 - f - 6. Give s(2).
-440
Let o(y) = -4*y**2 + 33*y - 24. What is o(4)?
44
Let x(w) = 3*w**3 - 113*w**2 - 40*w + 110. Give x(38).
34
Let c(f) = 267*f + 4271. Calculate c(-16).
-1
Let y(l) = -4*l**2 + 98*l + 734. Determine y(-6).
2
Let j(c) = c**3 + 4*c**2 - 17*c - 23. Calculate j(-7).
-51
Let y(q) = -q**3 + 6*q**2 + q + 143. What is y(8)?
23
Let p(h) = 6*h**3 + 3*h**2 - 44*h + 96. Determine p(2).
68
Let f(k) = 34*k + 1438. Calculate f(-42).
10
Let v(t) = -3*t - 15. What is v(-3)?
-6
Let v(t) = 2*t**3 + 49*t**2 + 31*t + 16. Calculate v(-24).
-152
Let s(y) = -127*y**3 - 4*y**2 - 2*y + 2. Calculate s(-1).
127
Let y(j) = -j**3 + 5*j**2 + 12*j - 71. Give y(4).
-7
Let d(f) = -f**2 + 79*f - 1417. Determine d(57).
-163
Let c(a) = -11*a**3 + 3*a**2 + 134*a - 543. Determine c(4).
-663
Let a(n) = -n**3 - 105*n**2 + 214*n - 1. Calculate a(-107).
-1
Let o(y) = 2116*y - 8479. Determine o(4).
-15
Let m(d) = -d**3 - 92*d**2 - 354*d + 5. Calculate m(-4).
13
Let j(i) = -i**3 - 4*i - 159. Give j(0).
-159
Let r(y) = -2*y**3 - 108*y**2 + 99*y - 590. Determine r(-55).
15
Let c(b) = -7*b**3 + 40*b**2 + 32*b - 6. Give c(-1).
9
Let b(f) = -33*f - 1032. Determine b(-28).
-108
Let m(f) = -2*f**2 - 66*f - 431. Give m(-12).
73
Let f(k) = -7*k**2 + 407*k + 62. What is f(58)?
120
Let k(q) = 47*q + 50. Determine k(3).
191
Let a(h) = -h**2 - 93*h - 1361. Calculate a(-19).
45
Let z(x) = x**3 + 17*x**2 - 24*x + 22. Calculate z(-17).
430
Let o(q) = -4*q + 24. What is o(-5)?
44
Let j(p) = -3*p**3 + 30*p**2 - 65*p + 667. Give j(10).
17
Let p(k) = -483*k - 16423. What is p(-34)?
-1
Let d(u) = -u**2 + 46*u - 101. Give d(13).
328
Let t(x) = 11209*x - 89668. Calculate t(8).
4
Let u(s) = -157*s - 8173. Calculate u(-52).
-9
Let v(k) = k**3 + 16*k**2 - 31*k - 43. Determine v(-18).
-133
Let o(v) = 10*v**2 - 301*v + 12. Calculate o(30).
-18
Let l(z) = z**2 - 38*z - 3855. Give l(-46).
9
Let i(c) = -21*c**2 - c + 5. Determine i(-1).
-15
Let k(u) = -470*u - 1410. What is k(-3)?
0
Let m(x) = 2*x**3 - 33*x**2 + 81*x + 34. What is m(14)?
188
Let t(m) = -2*m + 112. Give t(13).
86
Let n(a) = -2*a**2 - 305*a - 6772. Calculate n(-27).
5
Let x(p) = -p**3 + 10*p**2 + 6*p - 193. Determine x(8).
-17
Let h(l) = -9*l**2 - 729*l - 6. Determine h(-81).
-6
Let r(d) = 16*d + 176. What is r(-12)?
-16
Let j(k) = -77*k - 399. Calculate j(-5).
-14
Let b(c) = 8*c + 56. Calculate b(-3).
32
Let d(a) = a**3 + 142*a**2 - 727*a - 29. Give d(5).
11
Let a(y) = 52*y**3 - y**2 - 57*y - 109. Give a(-2).
-415
Let b(r) = r**3 + 8*r**2 + 2*r - 22. Calculate b(-7).
13
Let q(y) = -y**2 - 51*y - 417. Calculate q(-11).
23
Let a(k) = 4*k**2 + 9*k - 20. Determine a(-4).
8
Let r(x) = -2*x**2 - 76*x - 1049. Calculate r(-12).
-425
Let y(f) = 7*f - 140. Calculate y(10).
-70
Let d(m) = 11*m - 219. Determine d(15).
-54
Let q(b) = 67*b**3 - 388*b**2 - 84*b - 6. Determine q(6).
-6
Let s(t) = t**3 - 5*t**2 + 11*t - 23. What is s(4)?
5
Let f(z) = -z**3 - 49*z**2 + 114. What is f(-49)?
114
Let x(a) = 2*a**2 - 70*a - 131. What is x(37)?
17
Let z(v) = -28*v + 1056. Determine z(44).
-176
Let h(m) = m**2 - 66*m + 593. Determine h(11).
-12
Let b(f) = 3*f**3 - 68*f**2 + 103*f - 1265. What is b(22)?
33
Let o(z) = 3*z**2 - 599*z + 3127. Giv